s digit of 1010991952?
1
What is the thousands digit of 151738720?
8
What is the hundreds digit of 9226110353?
3
What is the millions digit of 35142251?
5
What is the ten millions digit of 575700347?
7
What is the ten millions digit of 45699506?
4
What is the tens digit of 311272374?
7
What is the ten thousands digit of 2462041675?
4
What is the ten thousands digit of 37277780?
7
What is the ten millions digit of 18196721?
1
What is the thousands digit of 226551554?
1
What is the units digit of 145569071?
1
What is the hundred millions digit of 4979849587?
9
What is the ten thousands digit of 1943760277?
6
What is the tens digit of 556822283?
8
What is the hundred thousands digit of 23179554?
1
What is the thousands digit of 269400090?
0
What is the hundreds digit of 121540162?
1
What is the hundred thousands digit of 322309359?
3
What is the millions digit of 76248680?
6
What is the hundred thousands digit of 2200080286?
0
What is the hundreds digit of 2151166810?
8
What is the ten millions digit of 21496241?
2
What is the millions digit of 501790824?
1
What is the hundred thousands digit of 3107078440?
0
What is the hundred thousands digit of 569175750?
1
What is the millions digit of 587093503?
7
What is the millions digit of 696100953?
6
What is the hundred millions digit of 195882437?
1
What is the hundred millions digit of 170966949?
1
What is the millions digit of 37124211?
7
What is the tens digit of 3486107127?
2
What is the tens digit of 1176047891?
9
What is the ten thousands digit of 110175363?
7
What is the millions digit of 47653441?
7
What is the billions digit of 1127146609?
1
What is the ten thousands digit of 57105908?
0
What is the thousands digit of 2843401?
3
What is the thousands digit of 98321824?
1
What is the billions digit of 2314026963?
2
What is the ten millions digit of 296285012?
9
What is the units digit of 7629120178?
8
What is the thousands digit of 7725416?
5
What is the hundred thousands digit of 133360596?
3
What is the hundred thousands digit of 80692160?
6
What is the thousands digit of 26265451?
5
What is the hundred thousands digit of 3263446730?
4
What is the billions digit of 1689796770?
1
What is the millions digit of 5024448479?
4
What is the hundreds digit of 4627730?
7
What is the hundreds digit of 565700979?
9
What is the ten thousands digit of 16910946?
1
What is the hundreds digit of 31426694?
6
What is the hundred thousands digit of 771309260?
3
What is the ten millions digit of 5301308655?
0
What is the ten millions digit of 3130359484?
3
What is the millions digit of 3671108316?
1
What is the hundred thousands digit of 417840107?
8
What is the hundred thousands digit of 150775086?
7
What is the ten millions digit of 648256540?
4
What is the hundred millions digit of 262039735?
2
What is the ten thousands digit of 17145601?
4
What is the thousands digit of 34310840?
0
What is the thousands digit of 526956232?
6
What is the millions digit of 389745211?
9
What is the hundred millions digit of 127066140?
1
What is the thousands digit of 167930152?
0
What is the ten thousands digit of 85965477?
6
What is the units digit of 94764750?
0
What is the millions digit of 16641708?
6
What is the hundred thousands digit of 20595512?
5
What is the ten thousands digit of 1060016314?
1
What is the thousands digit of 702808177?
8
What is the units digit of 2016871469?
9
What is the hundred millions digit of 442315256?
4
What is the hundreds digit of 301818515?
5
What is the units digit of 4754490182?
2
What is the units digit of 64746704?
4
What is the thousands digit of 6032189873?
9
What is the millions digit of 63465706?
3
What is the tens digit of 37260159?
5
What is the tens digit of 356661331?
3
What is the hundred thousands digit of 648507404?
5
What is the thousands digit of 7498793?
8
What is the millions digit of 1986873704?
6
What is the ten millions digit of 1269148723?
6
What is the tens digit of 200303457?
5
What is the thousands digit of 326935872?
5
What is the ten thousands digit of 39659000?
5
What is the tens digit of 403735352?
5
What is the ten millions digit of 1433524423?
3
What is the hundred thousands digit of 116644038?
6
What is the tens digit of 222344737?
3
What is the units digit of 5242785?
5
What is the thousands digit of 284811887?
1
What is the thousands digit of 22754863?
4
What is the thousands digit of 56695499?
5
What is the tens digit of 577788867?
6
What is the ten millions digit of 69346080?
6
What is the units digit of 106474523?
3
What is the thousands digit of 734417455?
7
What is the hundred millions digit of 6922248252?
9
What is the ten thousands digit of 581688755?
8
What is the thousands digit of 2514582037?
2
What is the ten thousands digit of 861928623?
2
What is the ten thousands digit of 66510044?
1
What is the ten millions digit of 30080239?
3
What is the hundreds digit of 253756868?
8
What is the millions digit of 14824097?
4
What is the ten thousands digit of 691310774?
1
What is the hundred millions digit of 2973524483?
9
What is the ten thousands digit of 347820303?
2
What is the millions digit of 3301863184?
1
What is the hundred thousands digit of 129360333?
3
What is the hundred millions digit of 649387570?
6
What is the tens digit of 2120867305?
0
What is the millions digit of 480847204?
0
What is the hundreds digit of 11405670?
6
What is the millions digit of 308109108?
8
What is the ten thousands digit of 45783883?
8
What is the units digit of 1584880927?
7
What is the hundred millions digit of 100791412?
1
What is the ten thousands digit of 27292140?
9
What is the hundreds digit of 70456698?
6
What is the billions digit of 2724493021?
2
What is the thousands digit of 1523227443?
7
What is the thousands digit of 38417038?
7
What is the thousands digit of 92403711?
3
What is the hundreds digit of 1412297935?
9
What is the thousands digit of 47180433?
0
What is the ten millions digit of 430433718?
3
What is the hundred thousands digit of 464376552?
3
What is the millions digit of 371014995?
1
What is the hundreds digit of 6308700163?
1
What is the millions digit of 3776877958?
6
What is the millions digit of 64869666?
4
What is the tens digit of 1217909685?
8
What is the units digit of 1676543066?
6
What is the thousands digit of 1023581978?
1
What is the tens digit of 31129314?
1
What is the tens digit of 3160250308?
0
What is the hundreds digit of 56239217?
2
What is the hundred millions digit of 379441363?
3
What is the hundreds digit of 1311866146?
1
What is the hundred thousands digit of 41424350?
4
What is the thousands digit of 795730862?
0
What is the hundred millions digit of 248767239?
2
What is the ten millions digit of 16896578?
1
What is the hundreds digit of 1650889147?
1
What is the tens digit of 52012181?
8
What is the millions digit of 295472929?
5
What is the hundred millions digit of 445195641?
4
What is the thousands digit of 6474859482?
9
What is the hundred millions digit of 700460966?
7
What is the hundreds digit of 91595110?
1
What is the billions digit of 3334837431?
3
What is the hundreds digit of 2783348822?
8
What is the tens digit of 77989846?
4
What is the hundred millions digit of 2350031012?
3
What is the millions digit of 110132187?
0
What is the tens digit of 61379633?
3
What is the hundred thousands digit of 1718463141?
4
What is the hundred thousands digit of 2544752909?
7
What is the hundred thousands digit of 68959140?
9
What is the millions digit of 131810126?
1
What is the thousands digit of 1191701193?
1
What is the hundred millions digit of 690918976?
6
What is the hundred millions digit of 259859090?
2
What is the hundred millions digit of 372738040?
3
What is the ten thousands digit of 8433711?
3
What is the units digit of 97520948?
8
What is the billions digit of 3646434637?
3
What is the thousands digit of 225238681?
8
What is the ten thousands digit of 3080886188?
8
What is the thousands digit of 29065281?
5
What is the hundred millions digit of 2250216773?
2
What is the hundreds digit of 1343928015?
0
What is the ten millions digit of 6026443365?
2
What is the hundreds digit of 1906326897?
8
What is the hundreds digit of 361291305?
3
What is the ten millions digit of 1569792299?
6
What is the hund